4 + -7
-3
Calculate (-1 - -2 - 2) + -2 + 2.
-1
What is the value of 0 - (-4 + 3 - -2)?
-1
What is the value of -3 + (-3 - -5) - -3?
2
0 + 6 - (29 - 27)
4
What is the value of 1 - (0 - (4 + -1) - -6)?
-2
-12 - (8 + -16 + -5)
1
What is the value of (-3 - 2) + (4 - 8) + 5?
-4
What is -4 + (1 - 0 - 1) + 3?
-1
18 + -18 - (-6 + 1)
5
What is 4 - ((-5 + 3 - -5) + -1)?
2
-3 + (-1 - -3 - -4)
3
Calculate -4 + (2 - 4) - -2 - 0.
-4
What is (-140 - -143) + (-2 + -6 - 1)?
-6
1 + (10 - -1) + -7
5
What is the value of (8 - (10 - 11)) + -7?
2
What is (10 - 22) + 3 - -6?
-3
(4 + 0 - 13) + 15
6
Calculate 3 - (9 - (-7 + 3 + 12)).
2
8 - (5 - -6 - -1)
-4
What is (3 - (4 + -1)) + -3 - -1?
-2
What is (-6 - 2) + (4 - 7 - -11)?
0
-1 - (3 + 0 + -2)
-2
Evaluate 1 + -5 + -1 - 3.
-8
Calculate (0 - 2) + 10 - (12 + -9).
5
What is the value of (10 - (7 - 2)) + -3?
2
Evaluate -11 + 0 - -9 - 1.
-3
Calculate -8 - (-5 + 13 + -7 + 0).
-9
What is the value of 32 + -24 + (0 - 7)?
1
What is the value of (2 - 10) + 2 - (0 + -5)?
-1
What is (-9 - (-27 - -6)) + -12?
0
What is the value of 3 - (1 - (-7 - 0) - 5)?
0
What is 1 - (1 + 2 - -2)?
-4
What is (14 - (8 - 3)) + -10?
-1
What is (-10 - -16) + 4 + -14 + 6?
2
What is the value of (15 - (-2 + 13)) + (-2 - 9)?
-7
What is 2 - (-8 + 9 - 5)?
6
Calculate (17 - 18) + 0 + (0 - -1).
0
What is the value of -3 + 4 + (-5 - -2)?
-2
Evaluate 1 - 2 - (-6 + 15 - 5).
-5
Evaluate (-9 - -6) + (13 - 3).
7
8 + -6 - (15 - (4 + 3))
-6
Evaluate (2 - 2) + 4 + -3 + 2.
3
What is the value of (0 - -7) + (-8 + -13 - -12)?
-2
8 - (-7 + 9) - 13
-7
What is 4 - -1 - (-5 + (-3 - -10))?
3
-5 + 4 + (3 - (-6 - -4))
4
What is the value of -12 - (-1 + (1 - 6))?
-6
Calculate (-1 - -6) + -2 + -10.
-7
What is the value of -4 + 1 + 6 + (-5 - 0)?
-2
Calculate 1 - (-2 - -9 - 4).
-2
What is the value of -5 - (-8 + 13 + -10 + 2)?
-2
Evaluate -7 - -16 - (12 - 1).
-2
-2 + 0 + -11 + 11
-2
Calculate -4 + 0 + 14 + -2.
8
What is the value of -2 - (3 + 0 - 8)?
3
Evaluate 3 - -1 - (-12 - -5 - -8).
3
Calculate -7 + -14 + 1 + 21.
1
Evaluate -20 + 11 + -4 + -2 + 5.
-10
Evaluate 15 + -19 + 2 + -1 + 5.
2
Evaluate 1 - 1 - (-14 + -7 + 15).
6
Calculate (4 - 3 - 1) + -2.
-2
Calculate -7 + 1 - ((-7 - -15) + -14).
0
Evaluate 10 + (8 - (-2 + 13)).
7
Evaluate (1 - 1 - -2) + 13 + -16.
-1
Calculate -5 - 1 - (-2 - 1) - 2.
-5
Evaluate 1 + 5 + -2 + 0.
4
Calculate (-4 - -8 - 0 - 4) + 2.
2
What is 4 + 0 + (1 - 4)?
1
Calculate -5 - (-6 + -1 - -1).
1
What is the value of 5 - (-4 - -6) - (2 + 7)?
-6
113 + -112 - (2 - (-3 - -1))
-3
What is -4 + (2 - (-7 - -4))?
1
What is -6 + (1 - (1 - 5))?
-1
Calculate 4 + (5 - (6 - -6)).
-3
What is the value of -12 - -16 - (-1 + 9)?
-4
Calculate 3 + -4 - 4 - 1.
-6
What is -7 + -1 - (2 + (1 - 6))?
-5
5 + -1 + -9 + (5 - 3)
-3
Calculate 2 - (8 + (-1 - -2) + -2).
-5
8 - (7 + -4) - (1 + -2)
6
(-2 - (-1 + 4)) + (41 - 35)
1
Calculate 8 + 5 + 1 + -11.
3
Evaluate 3 + 1 + -4 - -1.
1
Evaluate 10 + -12 + 3 + -1.
0
Evaluate (-7 + 2 - 0) + (-4 - -12).
3
What is the value of 1 - (-11 + 8) - 9?
-5
Calculate -6 - (-3 - (4 - 1 - 3)).
-3
Calculate -9 + 4 + 10 + -4.
1
Calculate 28 - 22 - (0 - -12).
-6
What is (-3 - -6) + -1 - -2?
4
Evaluate -4 + (-5 - -6 - -8).
5
What is 4 - 2 - 1 - -1 - -2?
4
-1 - -7 - (79 - 72)
-1
What is -15 + 11 - (-2 + 0)?
-2
What is the value of -7 + 13 + (-7 - -1)?
0
(-9 - -1) + (13 - 3) + 5
7
9 + -1 - 2 - 9
-3
Evaluate -2 + 1 + 26 + -23.
2
What is -1 - 3 - (-11 - -9)?
-2
Calculate -13 + 10 + (-3 - -6).
0
What is (0 - -3) + -16 + 13?
0
Calculate -3 + (3 - (7 + 2)).
-9
Calculate -2 + -1 + 11 + (-4 - 0).
4
What is the value of 1 + (1 - (13 + -2)) - -2?
-7
-1 - (-3 + 10 + (-5 - 0))
-3
13 - (3 + 10 + -5)
5
What is -10 - ((11 - 15) + (1 - 0))?
-7
What is -4 - (-6 + 5 + -3)?
0
What is the value of (-8 - -15) + 1 + -11?
-3
Calculate (2 - (9 - 4)) + 2.
-1
What is 5 - (-3 + (4 - -2) + -4)?
6
What is the value of -17 + 20 + (1 - 1) + -6?
-3
-7 - (-8 - -9 - 9)
1
What is the value of -2 + ((-7 - 1) + 5 - -7)?
2
Calculate -1 + 11 + -5 - 1.
4
3 + -5 + (3 - -3) + -2
2
Calculate (5 - 11 - -2) + (-1 - -12).
7
What is -15 + (-3 + -2 - -13)?
-7
Evaluate (-2 - -1) + 0 + (-4 - -4).
-1
Calculate (0 - -1) + -4 + 1 + -1.
-3
Calculate 4 - 1 - (-2 - (2 + -5)).
2
Calculate -6 - -3 - -16 - 4 - 7.
2
Calculate 3 - (1 + (4 - 0)) - -2.
0
Evaluate -2 + (11 + -14 - (0 - 7)).
2
Calculate 0 - -4 - (5 - 0) - 3.
-4
What is the value of (2 - (4 + 4)) + 9 + 0?
3
Evaluate -4 + (-2 - (-4 - (1 - 1))).
-2
Evaluate -7 + (-3 - -21) - 6.
5
Evaluate 6 + (7 - 14) - (1 + -2).
0
What is -10 - (1 - 10 - 3)?
2
-15 + 8 + -1 + 1
-7
Evaluate (-13 + 6 + -1 - -1) + 5.
-2
(3 - (7 + -8)) + 2 + -3
3
What is the value of -5 + 1 + -3 + 17 + -14?
-4
What is 3 + (2 - 7 - 3)?
-5
What is the value of 1 - (-4 - -6) - 0?
-1
5 - (0 + 1 + -1) - 3
2
Evaluate (-9 - 2) + 11 + -3.
-3
Calculate -2 - ((-4 - -8) + -6).
0
-12 - (-2 - 4) - (1 - 9)
2
Evaluate -2 + 3 + (-1 - -1).
1
-30 + 3 + 7 + 9
-11
Calculate 1 - (-6 + (4 - 2)).
5
8 - 8 - (2 - -3)
-5
What is 7 + -4 - (-6 + 2)?
7
Evaluate 3 + 1 + -5 + 1 + -3.
-3
What is the value of 3 + -1 + 2 + -2 + -4?
-2
(0 - -2) + 0 - -1
3
3 + (-3 - 0 - -7) + -4
3
Calculate -2 + (0 + 3 - -4).
5
Calculate (1 - 4 - -3) + (0 - 1).
-1
Calculate 2 - (7 + -10 + (0 - -1)).
4
Calculate -3 - ((-3 - 3) + 7).
-4
Calculate -2 + -10 - (21 - 28).
-5
Calculate 2 + -3 - (1 - 1).
-1
(-12 - -7) + -9 + 14 + -1
-1
Evaluate 8 + (-2 - 0 - 5).
1
3 - ((4 - 11) + 8)
2
Evaluate -5 + 18 + -21 - -8.
0
Calculate -2 - -2 - (5 - 9 - -5).
-1
Calculate -6 - (8 - (16 + 2)).
4
Evaluate 4 - (0 - (6 - 5)).
5
What is -6 + 2 + -4 + 10?
2
Evaluate (-4 - 7) + 4 - -15.
8
What is 9 + -2 + (-10 - -7)?
4
Evaluate (7 - 0) + (0 - 4).
3
Calculate -7 - (0 - (-2 - 1)) - -3.
-7
Calculate (3 - (-1 + 1)) + (105 - 106).
2
Evaluate (1 - -3) + -7 + 2.
-1
What is 7 + -7 + -7 + 4 + 2?
-1
(5 + -1 - (-8 - -9)) + -7
-4
Calculate 3 + -8 + 8 - (4 + -4).
3
What is the value of (0 - -3 - 1) + 12 + -7?
7
Calculate -4 + -1 + (27 - (7 - -10)).
5
16 - (-10 + 17) - 9
0
What is the value of -4 - (-2 + 0) - 3?
-5
What is (5 - 4 - 0 - 0) + -2?
-1
What is the value of (-10 - -5) + 0 + (5 - 2)?
-2
Evaluate 27 - 23 - (2 + 0).
2
What is 3 - 5 - (1 + 1) - -10?
6
Evaluate 45 + -43 - (4 - (2 - 1)).
-1
Calculate -5 + 0 + -4 + 8.
-1
What is 5 + -7 + 4 + -8?
-6
(-9 - -4 - 9) + (1 - -5)
-8
-4 + -1 + 6 + 4 + -2
3
Calculate 2 + (0 + 3 - (2 + 5)).
-2
Calculate -1 - (6 + -4 + -3).
0
2 - (-2 + -1 - -3)
2
Evaluate -5 + (1 - -7) - (-1 - -3).
1
What is -3 + (7 - (-8 - -6))?
6
What is the value of 2 + 6 - 12 - 1?
-5
What is -9 + 8 + (5 - (5 + 4))?
-5
Calculate -6 + 6 - (0 - 0).
0
Calculate 4 - (-18 + 7 - -8).
7
-11 + 15 - (2 + 1)
1
What is the value of (0 - 3 - -4) + -1 - 3?
-3
Evaluate -2 + 4 - (-2 + 2).
2
What is the value of -4 + (0 - (-4 + 2)) + 6?
4
What is the value of -12 + 1 - (19 + -25)?
-5
2 + (-1 - (-1 + -4)) + -4
2
What is the value of (-3 + (2 - -5) - 3) + -2?
-1
Calculate -4 + 9 + 0 + -2.
3
Evaluate -3 + (-5 - (-4 - 2)) - 0.
-2
2 - (1 + -11 - -11)
1
Evaluate 5 + (-4 - (-1 + (-1 - -3))).
0
Calculate 6 - (-2 + 7 - 2).
3
What is the value of 3 + (-3 - -2) + -6 + 8?
4
Calculate -2 + -1 + -2 + 6.
1
Calculate (-3 - 6 - -9) + -2.
-2
What is -7 + (-3 - -11) - -4?
5
Calculate 0 - -3 - (-182 + 190).
-5
What is -1 + (-5 - 0) + 2?
-4
Evaluate (-8 - -11) + (4 - 6).
1
(3 - 3) + (3 - 5) + 2
0
Evaluate (-61 - -64) + (-1 - -1).
3
What is the value of (15 - (21 - 12)) + 0?
6
What is the value of (-2 - 1) + -5 + 6?
-2
Evaluate -4 - (-4 + -3) - -1.
4
Evaluate -4 + (1 + (3 - 4) - -1).
-3
Evaluate -2 - (-1 + -2 + 5).
-4
(8 - 9 - (-5 + 2)) + -1
1
-1 + -3 + (-1 + 0 - -4)
-1
What is 6 + (5 - (2 - -2))?
7
What is -1 + 4 - 3 - -3?
3
What is (0 - (-4 + 0) - 4) + 0?
0
Calculate 0 + -2 + 11 - (54 + -50).
5
What is 2 - 0 - (5 - 7)?
4
(9 - (7 + (4 - 10))) + -1
7
What is (1 - 2) + -2 + (10 - 10)?
-3
What is 3 + (3 - (-4 - -7))?
3
-1 + 0 - (-12 - -3)
8
Evaluate -2 + -6 - (-6 + 1).
-3
Evaluate (1 - 3) + 6 + 1 + -4.
1
Evaluate 8 - (-8 + 3 + 10).
3
-11 + 2 + 11 + 1
3
6 + (5 - 12 - 4)
-5
What is the value of 0 + -1 + 0 + (-3 - -4)?
0
11 + -9 - (-1 + 6) - 0
-3
What is the value of 2 - (3 - 6 - (1 + -1))?
5
What is the value of 0 - -1 - (-8 - -10)?
-1
(-5 - -1) + 4 + 4
4
What is the value of (-17 - -9) + (-1 - -9)?
0
3 + 6 + -5